rmine n(7).
17
Suppose -4*l = 203 + 177. Let u = 90 + l. Let y(x) = -x**2 - 4*x. Give y(u).
-5
Let x = -451 - -441. Let z(n) = 2*n**2 - n**2 + 18 + 10*n - 8 - 7. Give z(x).
3
Let s = -18 - -22. Suppose -s*y + b + 7 = -4, -4*y - b = -5. Let n = -4 + y. Let o(v) = -2*v + 1. Calculate o(n).
5
Let y(b) be the first derivative of b**3/3 + b**2 + b + 19. Determine y(-2).
1
Let r(a) = 8*a**2 + 2 - 2 + 1 - 11*a**2 - 18*a**2. Calculate r(-1).
-20
Let b(x) = x**2 - 5*x - 2. Let w(h) = -3 - 4*h**2 + 4*h + 7 + 3*h**2. Let o be w(4). Suppose 2*l = 2*k - o*k, 0 = -5*l + 5*k + 50. What is b(l)?
-2
Let h(r) = 294 - 3*r**2 - 2*r**2 - r**3 - 139 - 151. Suppose -1 - 5 = -2*w. Let s be 42/(-9) - (-2)/w. Calculate h(s).
-12
Suppose -17 = 12*r + 55. Let b(d) = 2*d. Let p(u) = 5*u. Let x(n) = -8*b(n) + 3*p(n). Let c(y) = 3*y - 1. Let a(s) = -2*c(s) - 5*x(s). Determine a(r).
8
Let m(c) = -3*c + 1. Let h = -127 - -121. Let o be (-6 - -3 - h)/(1*3). Give m(o).
-2
Let q(w) = 49*w + 68*w - 6 - 127*w. What is q(-5)?
44
Let o(t) = 16*t**3 - 17*t**3 + 4*t**2 + 0*t**2. Let v(u) = u**3 + 2*u**2 - u. Let p be v(1). Suppose 0 = 3*x + d - 3*d - p, 3*x - 4*d + 8 = 0. Determine o(x).
0
Let m(q) = -10 + 52 + 4 - 1034*q + 1027*q. Give m(6).
4
Let x(v) = -v**3 - 5*v**2 - 5*v - 6. Suppose 0 = 3*s + 406 - 394. Give x(s).
-2
Let r(u) = 2*u**2 - 2*u + 1. Let n(s) = s**3 + 7*s**2 - s - 5. Let t be n(-7). Give r(t).
5
Let f = 8/647 - -567/6470. Let y(g) be the second derivative of f*g**5 - 12*g - 1/12*g**4 - g**2 + 1/6*g**3 + 0. Give y(2).
12
Let g(f) = -3*f**2 + f - 1. Suppose 6*z - 2*z - 28 = 0. Let o be z/(-4) + (-2)/(-16)*-2. Determine g(o).
-15
Suppose -19 + 59 = 8*c. Let f(i) = i**3 - 6*i**2 + 5*i + 5. Determine f(c).
5
Let j(x) = 6 + 0*x - 3*x - 3 - x + x**2. Let p = 4 - -11. Let w = 17 - p. Give j(w).
-1
Let b = -66 + 44. Let g be 106/b - (-4)/(-22). Let w(o) = 2*o + 4. Let r(j) = j + 2. Let i(l) = g*r(l) + 2*w(l). What is i(-5)?
3
Let f = -52 + 58. Let a be f - 4 - (-16)/(-4). Let q(v) = v**3 + 3*v**2 + 4*v + 3. Determine q(a).
-1
Let a(f) = 5*f**3 + 3*f**2. Let p(j) = 22*j**3 + 12*j**2. Let k(t) = 9*a(t) - 2*p(t). Calculate k(-3).
0
Let b(x) = -1 + 3 + 15*x + x**2 - 14*x + 1. Suppose a + 4*a + 35 = -3*r, 0 = a - r + 7. Let q(d) = -d**2 - 8*d - 10. Let v be q(a). What is b(v)?
9
Let q(a) = -a**2 + 2. Let t be q(0). Let h(x) = -4*x - 3 - t*x + 5*x. What is h(7)?
-10
Let m(k) = k**2 + k. Let f(r) = r**2 - 3. Let j(a) = f(a) - 2*m(a). Let p = 6 + -3. Let o = -7 + p. Calculate j(o).
-11
Let d(g) be the first derivative of g**4/4 - 2*g**3 + 3*g**2/2 + 2*g - 1736. Suppose -7*c - 7 = -3*z - 3*c, -3*c + 26 = 4*z. Give d(z).
-8
Let w(c) = c + 8*c**2 - 6*c**3 + 7*c**3 - 3*c**2 + 2*c**2 + 8*c. Determine w(-6).
-18
Let g(q) be the first derivative of -5*q**2/2 + 33*q - 130. Calculate g(8).
-7
Suppose -3*m = 4*s - 315, -m - 232 = -3*s + m. Let j(y) = -43*y + s*y + 17 - 34*y. Calculate j(-11).
6
Let g(i) = i**3 - 2*i**2 - 4. Suppose 3 = -3*v - 6. Let c be v + 27/6 - (-3)/2. Determine g(c).
5
Suppose -6*n = -22*n - 80. Let p(s) = -6*s + 3. What is p(n)?
33
Let q(a) be the third derivative of 0*a - 1/60*a**5 + 1/6*a**4 - 1/6*a**3 + 0 - 8*a**2. Suppose 8 = 2*i - y, -2*i + 4*y = 3*i - 14. Calculate q(i).
-13
Let q(w) be the third derivative of -w**4/12 - w**2 + 49. What is q(-3)?
6
Let w(g) be the second derivative of g**4/6 - 8*g**3/3 + 2*g**2 + 2*g - 5. Calculate w(8).
4
Let y(m) = -11*m**2 + 5*m - 5. Let b(p) = 24*p**2 - 11*p + 11. Let d(l) = -6*b(l) - 13*y(l). What is d(2)?
-3
Let p(z) be the first derivative of -1/2*z**2 + 1/4*z**4 - 2*z + 4/3*z**3 + 3. Determine p(-4).
2
Let y(b) = -b**3 + 21*b**2 - 19*b - 29. Let a be (-249)/(-12) + (1 - (-14)/(-8)). What is y(a)?
-9
Let k = 60 - 56. Let v be (-22)/(-11)*2/k. Let l(c) = -5*c**2 - 1. What is l(v)?
-6
Let j(a) = 50*a + 9 + 4 + 46*a + 6 - 92*a. Give j(-8).
-13
Let t(b) = b**2 - b. Let f(p) be the first derivative of -p**3/3 + 5*p**2/2 - 5*p - 5. Let r(a) = f(a) + 2*t(a). Give r(-4).
-1
Let i(t) be the second derivative of -t**5/20 - 3*t**4/4 + t**2 + 7*t. Let u be i(-9). Let d(g) = 4 + g**u - 15*g - 11*g + 19*g. What is d(5)?
-6
Let c(d) = d - 1. Let f(n) = -6*n + 8. Let x(j) = 5*c(j) + f(j). Suppose 29332*k = 29334*k - 10. Calculate x(k).
-2
Suppose 4*s = 5*g - 23, g + 5*s = -4*g + 5. Let k(d) = -g*d - d - 1 - d + d**2. Let z be k(5). Let w(p) = 9*p**3 - 2*p**2 - p. What is w(z)?
-10
Let w be 0/(-1) - (-858)/78. Let c(p) = -p**3 + 12*p**2 - 9*p - 9. Calculate c(w).
13
Let g(d) = 3*d + 8. Let x be g(-2). Let j(p) = -p**3 + 4*p**2 - 2*p - 1. What is j(x)?
3
Let f(t) = -2*t + 10. Let z be 3/3*(-6 + 0 + 6). Give f(z).
10
Let j(k) = -4*k + 3. Let m(d) = 6*d - 6. Let p(n) = 2*j(n) + m(n). Calculate p(-1).
2
Suppose 9*r = 96 - 6. Suppose 3*j + 2*i + r = -2*j, -4*j - 5*i = -9. Let l(b) be the third derivative of b**4/8 - b**3/2 + b**2. Determine l(j).
-15
Let w = 3 - 3. Let c(k) = -5*k**2 + k - 10. Let n(o) = 6*o**2 - o + 11. Let s(q) = 7*c(q) + 6*n(q). Give s(w).
-4
Suppose 12 = 4*y, 6 = -2*h + 2*y + 4. Let d(t) = -3*t - 6*t + t**2 - 2*t**2 - h + 3*t. Give d(-6).
-2
Let y(j) be the second derivative of j**4/6 + j**3/3 + j**2 + j. Suppose 16*s = 3796 - 3828. Give y(s).
6
Suppose 44 = 179*p - 190*p. Let n(h) = -h**3 - 3*h**2 + 6*h + 13. Determine n(p).
5
Let l(n) be the second derivative of n**5/4 + n**3/6 + n**2/2 + 35*n. Let j(g) = -g**2 + 11*g - 1. Let q be j(11). What is l(q)?
-5
Let y(q) = -1526*q - 30 - 11 + 1531*q. What is y(8)?
-1
Let m(g) = g**2 + g. Let z be (-3)/6*(-3 - -148 - -1). Let x = z - -70. Calculate m(x).
6
Suppose -i + 7*i - 876 = 0. Let s(l) = -294*l + 146*l + i*l - 1. Calculate s(-2).
3
Let x(h) = 25*h**2 + 17*h - 39*h**2 + 37 + 23*h**2 - h**3 + 9*h**2. Calculate x(19).
-1
Let d = -31 + 26. Let y(w) = -6*w - 17*w**2 + 2*w + 16*w**2. Determine y(d).
-5
Let w = 9 - 7. Let u(c) = 4*c + 0*c + 3 - 7*c**w + 6*c**2. Suppose -28*t + 38 + 130 = 0. What is u(t)?
-9
Let b(j) be the first derivative of j**4/4 - 3*j**2/2 + j - 1. Suppose -11*p - 2*k = -13*p + 8, k = 3*p - 8. Give b(p).
3
Let r be (-1)/(-3) + (-3)/9. Let n be (r/3)/(-2 - -3). Suppose n = -0*j - 2*j - 8. Let b(g) = 3*g + 3. Give b(j).
-9
Let n = -270 - -272. Let a(q) = -q**2 + 1. Determine a(n).
-3
Let m(k) be the first derivative of k**2/2 + 12*k - 7. Suppose -3*x = -3*n - 30, -2*n + 3*x - 7*x = 8. Let o be ((-18)/n)/((-9)/24). Give m(o).
6
Let v(n) = 2*n - 2. Let z(w) = -6*w + 6. Let o be ((-6)/8)/(2/(-8)). Let g(h) = o*z(h) + 10*v(h). Give g(-4).
-10
Let c(v) = -v**3 - 6*v**2 + 9*v + 6. Let y be c(-7). Let f = 10 + y. Let j(m) = 5*m + 0 - 4 + f*m**3 + 2*m**2 + 0*m**2 - 3*m**3. Give j(3).
2
Let f(l) = 21*l**2 + 9. Let b(t) = -11*t**2 - 5. Let v be (-1 + -5)/(5 + 0 + -4). Let y(x) = v*f(x) - 11*b(x). What is y(-1)?
-4
Let c(b) = -25*b + 676. Let f be c(27). Let i(m) = 14*m**3 + 3*m**2 - m - 1. Calculate i(f).
15
Suppose z = 4*z - 342. Let c = 116 - z. Let s(r) = -r**2 + 3*r - 3. Give s(c).
-1
Let a(r) be the third derivative of -r**6/120 + r**5/20 + 5*r**4/24 + r**3/2 + 4*r**2 - 2. Let x be ((-6)/(-9))/(2/12). Give a(x).
7
Let y(q) = -68*q**2 - 75*q**2 - 54*q**2 + 200*q**2. Let l = -2 - -3. Give y(l).
3
Let j(v) = v**2 + 3*v - 8. Let y be j(-6). Suppose -9*z + y*z = -5. Let k be -2 + 3 + z - 2. Let x(f) = f**3 + 7*f**2 + 4*f - 6. What is x(k)?
6
Suppose 0 = -57*x - 8*x - 325. Let l(r) = r**3 + 5*r**2 - 7. What is l(x)?
-7
Let s(l) = 4*l + 4*l - 91*l**3 + 3 - 5*l**2 - 2*l**2 + 42*l**3 + 48*l**3. What is s(-8)?
3
Let p(s) = s**3 - 7*s**2 + s - 7. Let t be 1*2*(2 + -3). Let k be -2 - (-2 - 0/t). Let l = k - -7. What is p(l)?
0
Let p(z) = z**2 + 46*z + 276. Let f be p(-39). Let b(w) = -2*w**3 + 5*w**2 - 4*w. What is b(f)?
-21
Suppose -5*x = -5*o - 5, 50 - 12 = -3*o - 4*x. Let f(a) = 2*a + 5. Give f(o).
-7
Let s(o) be the first derivative of -o**5/60 + 5*o**4/12 - 4*o**3/3 + 9. Let w(p) be the third derivative of s(p). What is w(7)?
-4
Let b(n) = -3*n**2 - n + 2. Suppose 18 = -152*w + 146*w. Determine b(w).
-22
Suppose 0*r + 32 = r. Suppose a + 3*i - 8*i = 24, 0 = -4*a + 4*i + r. Let s(j) = -6*j + a*j + 0 - 1 + 5*j. Give s(-5).
-16
Let l(f) be the second derivative of 0 - 2*f + 9/2*f**2 - 1/6*f**3. Let i(w) = -w**2 + 5. Let n be i(0). Calculate l(n).
4
Let n(f) = 2*f**2 - f - 